{"id":3019,"date":"2022-01-30T18:20:07","date_gmt":"2022-01-30T17:20:07","guid":{"rendered":"https:\/\/centrodentisticobessarione.it\/?page_id=3019"},"modified":"2022-01-30T21:04:05","modified_gmt":"2022-01-30T20:04:05","slug":"ponti-e-corone","status":"publish","type":"page","link":"https:\/\/centrodentisticobessarione.it\/index.php\/servizi\/ponti-e-corone\/","title":{"rendered":"PONTI E CORONE IN ZIRCONIO E CERAMICA"},"content":{"rendered":"<div id=\"pl-3019\"  class=\"panel-layout\" ><div id=\"pg-3019-0\"  class=\"panel-grid panel-has-style\" ><div class=\"divider-no-animation tablet-1-in-row mobile-1-in-row desktop-default custom panel-row-style panel-row-style-for-3019-0\" data-svg-bottom-color=\"color_1\" data-svg-top-color=\"color_1\" ><div id=\"pgc-3019-0-0\"  class=\"panel-grid-cell\" ><div id=\"panel-3019-0-0-0\" class=\"so-panel widget widget_sow-editor panel-first-child panel-last-child\" data-index=\"0\" ><div class=\"orion custom default panel-widget-style panel-widget-style-for-3019-0-0-0\" ><div\n\t\t\t\n\t\t\tclass=\"so-widget-sow-editor so-widget-sow-editor-base\"\n\t\t\t\n\t\t>\n<div class=\"siteorigin-widget-tinymce textwidget\">\n\t<p class=\"lead\"><strong>Il ponte \u00e8 la protesi che sostituisce uno o pi\u00f9 denti, mentre La corona \u00e8 la protesi che sostituisce la mancanza di un dente. La mancanza di uno o pi\u00f9 denti porta al malfunzionamento di tutto il sistema stomatognatico.<\/strong><\/p>\n<p class=\"lead\">Le forze che si esercitano sui denti durante la masticazione si trasmettono in modo non uniforme ai denti circostanti, gradualmente si arriva allo spostamento dei denti rimasti e alla formazione di diastema (aumento dello spazio interdentale), i denti circostanti si inclinano, e il dente della mascella contraria cresce in tale spazio. Tali cambiamenti possono portare a malattie parodontiche (gengivite, parodontite, parodontosi).<\/p>\n<\/div>\n<\/div><\/div><\/div><\/div><div id=\"pgc-3019-0-1\"  class=\"panel-grid-cell\" ><div id=\"panel-3019-0-1-0\" class=\"so-panel widget widget_orion_image_w panel-first-child panel-last-child\" data-index=\"1\" ><div class=\"orion custom mobile-text-center tablets-text-center default panel-widget-style panel-widget-style-for-3019-0-1-0\" ><div\n\t\t\t\n\t\t\tclass=\"so-widget-orion_image_w so-widget-orion_image_w-base\"\n\t\t\t\n\t\t>\r\n<div class=\"image-w relative rounded\">\r\n\r\n\t\t\t\t\t\t\t<div class=\"orion_circle image-wrap rounded overlay-none overlay-hover-none\">\r\n\t\t\r\n\t\t\t\t<div class=\"circle-wrap\">\r\n\t\t\t\t\t<img loading=\"lazy\" decoding=\"async\" width=\"420\" height=\"420\" src=\"https:\/\/centrodentisticobessarione.it\/wp-content\/uploads\/2022\/01\/Ponti-e-Corone.jpg\" class=\"attachment-orion_square size-orion_square\" alt=\"\" \/>\t\t\t<div class=\"overlay\"><\/div>\r\n\t\t\t\t<\/div>\r\n\t\t\r\n\t\t\t\t\t<\/div>\r\n\t\t\t\r\n\t\r\n\t<div class=\"absolute\">\r\n\t\t<div class=\"hover-desc table-wrap\">\r\n\t\t\t<div class=\"cell-wrap\">\r\n\t\t\t\t<h4 class=\"text-dark\"><\/h4>\r\n\t\t\t<\/div>\r\n\t\t<\/div>\r\n\t<\/div>\t\t\t\t\t\r\n<\/div>\r\n\r\n<\/div><\/div><\/div><\/div><\/div><\/div><div id=\"pg-3019-1\"  class=\"panel-grid panel-has-style\" ><div class=\"divider-no-animation tablet-default mobile-default desktop-default custom panel-row-style panel-row-style-for-3019-1\" ><div id=\"pgc-3019-1-0\"  class=\"panel-grid-cell panel-grid-cell-mobile-last\" ><div id=\"panel-3019-1-0-0\" class=\"so-panel widget widget_sow-editor panel-first-child\" data-index=\"2\" ><div class=\"orion custom default panel-widget-style panel-widget-style-for-3019-1-0-0\" ><div\n\t\t\t\n\t\t\tclass=\"so-widget-sow-editor so-widget-sow-editor-base\"\n\t\t\t\n\t\t>\n<div class=\"siteorigin-widget-tinymce textwidget\">\n\t<p>I ponti in ceramica \u00e8 la versione pi\u00f9 moderna, ma possono essere eseguiti solamente su determinate e precise indicazioni.<\/p>\n<p>Le protesi pi\u00f9 estetiche dell'odontoiatria moderna sono senza dubbio le corone in zirconio.<br \/>\nNon hanno una base metallica e grazie alla loro trasparenza assomigliano assolutamente ai denti naturali. Non sono solo perfettamente estetiche ma anche eccezionalmente resistenti.<\/p>\n<p>A chi si consigliano le corone in zirconio?<\/p>\n<ul>\n<li>ai pazienti che desiderano cambiare le loro vecchie corone in metallo-ceramica<\/li>\n<li>ai pazienti che hanno i denti devitalizzati e discolorati<\/li>\n<li>ai pazienti che hanno i denti mancanti<\/li>\n<li>ai pazienti che soffrono di un'infiammazione delle gengive o dell'alito cattivo<\/li>\n<li>ai pazienti che desiderano farsi posare le corone sull'impianto (nel caso delle corone in zirconio si devono utilizzare gli abutment in zirconio)<\/li>\n<\/ul>\n<\/div>\n<\/div><\/div><\/div><div id=\"panel-3019-1-0-1\" class=\"so-panel widget widget_orion_empty_space_w panel-last-child\" data-index=\"3\" ><div class=\"orion custom default panel-widget-style panel-widget-style-for-3019-1-0-1\" ><div\n\t\t\t\n\t\t\tclass=\"so-widget-orion_empty_space_w so-widget-orion_empty_space_w-base\"\n\t\t\t\n\t\t>\t<div class=\"row empty-space visible-lg visible-md visible-sm visible-xs\" style=\"height:29px;\">\r\n\t<\/div><\/div><\/div><\/div><\/div><div id=\"pgc-3019-1-1\"  class=\"panel-grid-cell panel-grid-cell-empty\" ><\/div><\/div><\/div><\/div>","protected":false},"excerpt":{"rendered":"<p>Dental implants are a common procedure of permanently replacing missing teeth without affecting neighboring teeth. <\/p>\n","protected":false},"author":1,"featured_media":0,"parent":968,"menu_order":0,"comment_status":"closed","ping_status":"closed","template":"","meta":{"om_disable_all_campaigns":false,"_monsterinsights_skip_tracking":false,"_monsterinsights_sitenote_active":false,"_monsterinsights_sitenote_note":"","_monsterinsights_sitenote_category":0,"footnotes":""},"class_list":["post-3019","page","type-page","status-publish","hentry"],"aioseo_notices":[],"_links":{"self":[{"href":"https:\/\/centrodentisticobessarione.it\/index.php\/wp-json\/wp\/v2\/pages\/3019","targetHints":{"allow":["GET"]}}],"collection":[{"href":"https:\/\/centrodentisticobessarione.it\/index.php\/wp-json\/wp\/v2\/pages"}],"about":[{"href":"https:\/\/centrodentisticobessarione.it\/index.php\/wp-json\/wp\/v2\/types\/page"}],"author":[{"embeddable":true,"href":"https:\/\/centrodentisticobessarione.it\/index.php\/wp-json\/wp\/v2\/users\/1"}],"replies":[{"embeddable":true,"href":"https:\/\/centrodentisticobessarione.it\/index.php\/wp-json\/wp\/v2\/comments?post=3019"}],"version-history":[{"count":9,"href":"https:\/\/centrodentisticobessarione.it\/index.php\/wp-json\/wp\/v2\/pages\/3019\/revisions"}],"predecessor-version":[{"id":3088,"href":"https:\/\/centrodentisticobessarione.it\/index.php\/wp-json\/wp\/v2\/pages\/3019\/revisions\/3088"}],"up":[{"embeddable":true,"href":"https:\/\/centrodentisticobessarione.it\/index.php\/wp-json\/wp\/v2\/pages\/968"}],"wp:attachment":[{"href":"https:\/\/centrodentisticobessarione.it\/index.php\/wp-json\/wp\/v2\/media?parent=3019"}],"curies":[{"name":"wp","href":"https:\/\/api.w.org\/{rel}","templated":true}]}}