{"id":3268,"date":"2022-02-05T20:09:17","date_gmt":"2022-02-05T19:09:17","guid":{"rendered":"https:\/\/centrodentisticobessarione.it\/?page_id=3268"},"modified":"2022-05-04T01:52:55","modified_gmt":"2022-05-03T23:52:55","slug":"attivita","status":"publish","type":"page","link":"https:\/\/centrodentisticobessarione.it\/index.php\/attivita\/","title":{"rendered":"ATTIVIT\u00c0"},"content":{"rendered":"<div id=\"pl-3268\"  class=\"panel-layout\" ><div id=\"pg-3268-0\"  class=\"panel-grid panel-has-style\" ><div class=\"divider-no-animation tablet-1-in-row mobile-1-in-row desktop-default custom panel-row-style panel-row-style-for-3268-0\" data-svg-bottom-color=\"color_1\" data-svg-top-color=\"color_1\" ><div id=\"pgc-3268-0-0\"  class=\"panel-grid-cell\" ><div class=\"custom panel-cell-style panel-cell-style-for-3268-0-0\" ><div id=\"panel-3268-0-0-0\" class=\"so-panel widget widget_orion_heading_w panel-first-child\" data-index=\"0\" ><div class=\"orion custom default panel-widget-style panel-widget-style-for-3268-0-0-0\" ><div\n\t\t\t\n\t\t\tclass=\"so-widget-orion_heading_w so-widget-orion_heading_w-base\"\n\t\t\t\n\t\t> \r\n\t\t\t<div class=\"row orion-heading\" style=\"margin-bottom:0px;\">\r\n\t\t<div class=\"col-md-12   text-left style-h4 style-primary-color\">\r\n\t\t\t<h4 class=\"primary-color\">\r\n\t\t\t\tLAS COMPLICACIONES QUE OCASIONA\t\t\t<\/h4>\r\n\t\t<\/div>\r\n\t<\/div>\r\n\r\n\t<\/div><\/div><\/div><div id=\"panel-3268-0-0-1\" class=\"so-panel widget widget_orion_heading_w\" data-index=\"1\" ><div class=\"orion custom default panel-widget-style panel-widget-style-for-3268-0-0-1\" ><div\n\t\t\t\n\t\t\tclass=\"so-widget-orion_heading_w so-widget-orion_heading_w-base\"\n\t\t\t\n\t\t> \r\n\t\t\t<div class=\"row orion-heading\" style=\"margin-bottom:0px;\">\r\n\t\t<div class=\"col-md-12  separator-style-2 text-left style-h2 style-text-dark\">\r\n\t\t\t<h2 class=\"text-dark\">\r\n\t\t\t\tEL FAMOSO PIERCING\t\t\t<\/h2>\r\n\t\t<\/div>\r\n\t<\/div>\r\n\r\n\t<\/div><\/div><\/div><div id=\"panel-3268-0-0-2\" class=\"so-panel widget widget_sow-editor panel-last-child\" data-index=\"2\" ><div class=\"orion custom default panel-widget-style panel-widget-style-for-3268-0-0-2\" ><div\n\t\t\t\n\t\t\tclass=\"so-widget-sow-editor so-widget-sow-editor-base\"\n\t\t\t\n\t\t>\n<div class=\"siteorigin-widget-tinymce textwidget\">\n\t<p class=\"lead\"><strong>Hoy en d\u00eda, el piercing del cuerpo es una moda extremadamente difundida entre los j\u00f3venes, se calcula que el 20% de los chicos en Italia tienen al menos un piercing en alguna parte del cuerpo.<\/strong><\/p>\n<p class=\"lead\">El problema radica en que se subestima todos los riesgos y complicaciones de infecci\u00f3n que puede desencadenar esta pr\u00e1ctica, debido a que estos dispositivos son elaborados de diferentes tipos de metal como el Niquel y van colocados debajo de la superficie de la piel.<\/p>\n<\/div>\n<\/div><\/div><\/div><\/div><\/div><div id=\"pgc-3268-0-1\"  class=\"panel-grid-cell\" ><div class=\"custom panel-cell-style panel-cell-style-for-3268-0-1\" ><div id=\"panel-3268-0-1-0\" class=\"so-panel widget widget_orion_image_w panel-first-child panel-last-child\" data-index=\"3\" ><div class=\"orion custom mobile-text-center tablets-text-center default panel-widget-style panel-widget-style-for-3268-0-1-0\" ><div\n\t\t\t\n\t\t\tclass=\"so-widget-orion_image_w so-widget-orion_image_w-base\"\n\t\t\t\n\t\t>\r\n<div class=\"image-w relative\">\r\n\r\n\t\t\t\t\t\t\t<div class=\"orion_portrait overlay-none overlay-hover-none\">\r\n\t\t\r\n\t\t\t\t\t<img loading=\"lazy\" decoding=\"async\" width=\"283\" height=\"525\" src=\"https:\/\/centrodentisticobessarione.it\/wp-content\/uploads\/2022\/05\/piercing_1_v3.jpg\" class=\"attachment-orion_portrait size-orion_portrait\" alt=\"\" \/>\t\t\t<div class=\"overlay\"><\/div>\r\n\t\t\r\n\t\t\t\t\t<\/div>\r\n\t\t\t\r\n\t\r\n\t<div class=\"absolute\">\r\n\t\t<div class=\"hover-desc table-wrap\">\r\n\t\t\t<div class=\"cell-wrap\">\r\n\t\t\t\t<h4 class=\"text-dark\"><\/h4>\r\n\t\t\t<\/div>\r\n\t\t<\/div>\r\n\t<\/div>\t\t\t\t\t\r\n<\/div>\r\n\r\n<\/div><\/div><\/div><\/div><\/div><\/div><\/div><div id=\"pg-3268-1\"  class=\"panel-grid panel-has-style\" ><div class=\"divider-no-animation tablet-default mobile-default desktop-default custom panel-row-style panel-row-style-for-3268-1\" ><div id=\"pgc-3268-1-0\"  class=\"panel-grid-cell panel-grid-cell-mobile-last\" ><div id=\"panel-3268-1-0-0\" class=\"so-panel widget widget_orion_empty_space_w panel-first-child\" data-index=\"4\" ><div class=\"orion custom default panel-widget-style panel-widget-style-for-3268-1-0-0\" ><div\n\t\t\t\n\t\t\tclass=\"so-widget-orion_empty_space_w so-widget-orion_empty_space_w-base\"\n\t\t\t\n\t\t>\t<div class=\"row empty-space visible-lg visible-md visible-sm visible-xs\" style=\"height:16px;\">\r\n\t<\/div><\/div><\/div><\/div><div id=\"panel-3268-1-0-1\" class=\"so-panel widget widget_sow-editor\" data-index=\"5\" ><div class=\"orion custom default panel-widget-style panel-widget-style-for-3268-1-0-1\" ><div\n\t\t\t\n\t\t\tclass=\"so-widget-sow-editor so-widget-sow-editor-base\"\n\t\t\t\n\t\t>\n<div class=\"siteorigin-widget-tinymce textwidget\">\n\t<p>Las perforaciones que se practican debidamente pueden no provocar ninguna consecuencia posterior, sin embargo, ello no siempre es as\u00ed. Muchas veces, por falta de salubridad, o mal uso de una t\u00e9cnica o instrumentos, el piercing se puede volver en algo muy contraproducente para tu cuerpo, si no se toman las medidas adecuadas para evitar todo contagio o enfermedad.<\/p>\n<p><strong>Conoce a continuaci\u00f3n algunos de los peligros ante el uso del Piercing<\/strong>:<\/p>\n<p><strong>1.<\/strong> <strong>Pueden provocar Infecciones Bacterianas<\/strong><\/p>\n<p>As\u00ed es, estas infecciones son de las m\u00e1s frecuentes. Del 10% al 20% de los piercings provocan infecciones en la piel.<\/p>\n<p><strong>2. Pueden transmitir enfermedades por v\u00eda Hematogena<\/strong><\/p>\n<p>Se han dado casos de transmisi\u00f3n de tuberculosis, t\u00e9tanos, s\u00edfilis, hepatitis B, hepatitis C y hepatitis D.<\/p>\n<p><strong>3. Pueden producir Dermatitis por contacto<\/strong><\/p>\n<p>Los piercings son una causa ex\u00f3gena relativamente frecuente de dermatitis por contacto que puede ser irritativa o provocar alergia en alg\u00fan momento.<\/p>\n<p><strong>4. Pueden producir Cicatrizaci\u00f3n Queloide<\/strong><\/p>\n<p>La t\u00e9cnica del piercing con pistola para colocarlo en el pabell\u00f3n auricular, conlleva una mayor incidencia de cicatrizaciones excesivas debido a la inflamaci\u00f3n que se desencadena.<\/p>\n<p><strong>5. Pueden producir una obstrucci\u00f3n de las v\u00edas respiratorias<\/strong><\/p>\n<p>Los piercings en la lengua pueden provocar problemas de masticaci\u00f3n, degluci\u00f3n y rotura de piezas dentales. Incluso puede llegar a obstruir las v\u00edas respiratorias por el edema asociado a su colocaci\u00f3n.<\/p>\n<p><strong>6. Pueden producir Desgarres Traum\u00e1ticos<\/strong><\/p>\n<p>Sobre todo los piercings localizados en el pabell\u00f3n auricular, el pez\u00f3n y en el \u00e1rea genital.<\/p>\n<p><strong>7. El Piercing Oral o Perioral (labio, lengua)<\/strong><\/p>\n<p>Personalmente en la pr\u00e1ctica odontol\u00f3gica he podido observar diferentes complicaciones a nivel de labio, lengua y dientes; tal como se observa en las fotografias.<\/p>\n<p>Puede suceder inmediatamente despu\u00e9s de la colocaci\u00f3n, un alto porcentaje de hemorragias y lesiones a las estructuras nerviosas o puede aparecer a lo largo del tiempo, como: inflamaci\u00f3n de la lengua, infecci\u00f3n localizada en el sitio del piercing, traumatismo e insensibilidad de los tejidos circundantes, p\u00e9rdida del gusto; asi como tambi\u00e9n, hiperplasia del tejido, abrasiones, recesiones gingivales, dientes fracturados, y por \u00faltimo aspiraci\u00f3n\u00a0 e ingesti\u00f3n del piercing si no se encuentra bien colocado.<\/p>\n<\/div>\n<\/div><\/div><\/div><div id=\"panel-3268-1-0-2\" class=\"so-panel widget widget_orion_dividers_w panel-last-child\" data-index=\"6\" ><div class=\"orion custom default panel-widget-style panel-widget-style-for-3268-1-0-2\" ><div\n\t\t\t\n\t\t\tclass=\"so-widget-orion_dividers_w so-widget-orion_dividers_w-base\"\n\t\t\t\n\t\t>\t<hr style=\"border-top-width:10px; border-top-color:rgba(242,242,242,1); border-style: solid; width: 100%;  margin-top: 0;\"><\/div><\/div><\/div><\/div><div id=\"pgc-3268-1-1\"  class=\"panel-grid-cell panel-grid-cell-empty\" ><\/div><\/div><\/div><div id=\"pg-3268-2\"  class=\"panel-grid panel-has-style\" ><div class=\"divider-no-animation tablet-1-in-row mobile-1-in-row desktop-default custom panel-row-style panel-row-style-for-3268-2\" data-svg-bottom-color=\"color_1\" data-svg-top-color=\"color_1\" ><div id=\"pgc-3268-2-0\"  class=\"panel-grid-cell\" ><div id=\"panel-3268-2-0-0\" class=\"so-panel widget widget_orion_heading_w panel-first-child\" data-index=\"7\" ><div class=\"orion custom default panel-widget-style panel-widget-style-for-3268-2-0-0\" ><div\n\t\t\t\n\t\t\tclass=\"so-widget-orion_heading_w so-widget-orion_heading_w-base\"\n\t\t\t\n\t\t> \r\n\t\t\t<div class=\"row orion-heading\" style=\"margin-bottom:0px;\">\r\n\t\t<div class=\"col-md-12   text-left style-h4 style-primary-color\">\r\n\t\t\t<h4 class=\"primary-color\">\r\n\t\t\t\tVALUTAZIONE DELL\u2019EFFETTO DI:\t\t\t<\/h4>\r\n\t\t<\/div>\r\n\t<\/div>\r\n\r\n\t<\/div><\/div><\/div><div id=\"panel-3268-2-0-1\" class=\"so-panel widget widget_orion_heading_w\" data-index=\"8\" ><div class=\"orion custom default panel-widget-style panel-widget-style-for-3268-2-0-1\" ><div\n\t\t\t\n\t\t\tclass=\"so-widget-orion_heading_w so-widget-orion_heading_w-base\"\n\t\t\t\n\t\t> \r\n\t\t\t<div class=\"row orion-heading\" style=\"margin-bottom:0px;\">\r\n\t\t<div class=\"col-md-12  separator-style-2 text-left style-h2 style-text-dark\">\r\n\t\t\t<h2 class=\"text-dark\">\r\n\t\t\t\tLATTOFERRINA E D-BIOTINA VS BICARBONATO DI SODIO NEL RIDURRE LA RECIDIVA DA BLACK STAIN\t\t\t<\/h2>\r\n\t\t<\/div>\r\n\t<\/div>\r\n\r\n\t<\/div><\/div><\/div><div id=\"panel-3268-2-0-2\" class=\"so-panel widget widget_sow-editor\" data-index=\"9\" ><div class=\"orion custom default panel-widget-style panel-widget-style-for-3268-2-0-2\" ><div\n\t\t\t\n\t\t\tclass=\"so-widget-sow-editor so-widget-sow-editor-base\"\n\t\t\t\n\t\t>\n<div class=\"siteorigin-widget-tinymce textwidget\">\n\t<p class=\"lead\"><strong>Scopo del lavoro<\/strong><\/p>\n<p class=\"lead\">Valutare l\u2019efficacia di un integratore alimentare a base di Lattoferrina e D-biotina sotto forma di compresse orosolubili nel ridurre la recidiva da Black Stain (BS) confrontandolo con sciacqui con Bicarbonato di Sodio e sedute di Igiene Orale Professionale.<\/p>\n<\/div>\n<\/div><\/div><\/div><div id=\"panel-3268-2-0-3\" class=\"so-panel widget widget_sow-editor\" data-index=\"10\" ><div class=\"orion custom default panel-widget-style panel-widget-style-for-3268-2-0-3\" ><div\n\t\t\t\n\t\t\tclass=\"so-widget-sow-editor so-widget-sow-editor-base\"\n\t\t\t\n\t\t>\n<div class=\"siteorigin-widget-tinymce textwidget\">\n\t<p class=\"lead\"><strong>Materiali e metodi<\/strong><\/p>\n<p class=\"lead\">Questo studio \u00e8 stato eseguito dallo stesso operatore in condizioni standard presso il reparto di igiene e prevenzione dentale dell\u2019Ospedale Pio Albergo Trivulzio. Sono stati selezionati 60 pazienti tra i 6 a 16 anni (et\u00e0 pediatrica) e tra i 30 a 53 anni (et\u00e0 adulta) con BS, randomizzati in 3 gruppi, trattati con:<\/p>\n<p class=\"lead\">\n\u2022 Gruppo A: integratore a base di Lattoferrina e D- biotina,<br \/>\n\u2022 Gruppo B: sciacqui con Bicarbonato di Sodio,<br \/>\n\u2022 Gruppo C: di controllo.<\/p>\n<p class=\"lead\">Lo studio ha avuto una durata di 4 mesi, mensilmente i pazienti sono stati sottoposti a foto cliniche, compilazione dell\u2019indice di placca pigmentata secondo Gasparetto per controllare la proliferazione o diminuzione delle BS. Alla prima visita viene eseguita l\u2019igiene orale professionale per tutti i gruppi, successivamente si ripete la seduta di Igiene Orale Professionale nei tempi di 60 e 120 giorni dopo la prima visita.<\/p>\n<\/div>\n<\/div><\/div><\/div><div id=\"panel-3268-2-0-4\" class=\"so-panel widget widget_sow-editor\" data-index=\"11\" ><div class=\"orion custom default panel-widget-style panel-widget-style-for-3268-2-0-4\" ><div\n\t\t\t\n\t\t\tclass=\"so-widget-sow-editor so-widget-sow-editor-base\"\n\t\t\t\n\t\t>\n<div class=\"siteorigin-widget-tinymce textwidget\">\n\t<p class=\"lead\"><strong>Risultati<\/strong><\/p>\n<p class=\"lead\">L\u2019integratore a base di Lattoferrina e D-Biotina si \u00e8 rivelato come l\u2019agente migliore per ridurre la recidiva da BS rispetto ai pazienti sottoposti agli sciacqui con Bicarbonato di Sodio e alla sola l\u2019Igiene orale professionale gi\u00e0 dopo 30 giorni dalla prima visita.<\/p>\n<\/div>\n<\/div><\/div><\/div><div id=\"panel-3268-2-0-5\" class=\"so-panel widget widget_sow-editor\" data-index=\"12\" ><div class=\"orion custom default panel-widget-style panel-widget-style-for-3268-2-0-5\" ><div\n\t\t\t\n\t\t\tclass=\"so-widget-sow-editor so-widget-sow-editor-base\"\n\t\t\t\n\t\t>\n<div class=\"siteorigin-widget-tinymce textwidget\">\n\t<p class=\"lead\"><strong>Conclusioni<\/strong><\/p>\n<p class=\"lead\">L\u2019uso dell\u2019integratore a base di Lattoferrina e D-biotina congiuntamente a controlli periodici di igiene orale professionale e ad una buona igiene orale domiciliare \u00e8 fondamentale per ridurre la formazione e proliferazione delle Black Stain.<\/p>\n<\/div>\n<\/div><\/div><\/div><div id=\"panel-3268-2-0-6\" class=\"so-panel widget widget_orion_empty_space_w\" data-index=\"13\" ><div class=\"orion custom default panel-widget-style panel-widget-style-for-3268-2-0-6\" ><div\n\t\t\t\n\t\t\tclass=\"so-widget-orion_empty_space_w so-widget-orion_empty_space_w-base\"\n\t\t\t\n\t\t>\t<div class=\"row empty-space visible-lg visible-md visible-sm visible-xs\" style=\"height:24px;\">\r\n\t<\/div><\/div><\/div><\/div><div id=\"panel-3268-2-0-7\" class=\"so-panel widget widget_text\" data-index=\"14\" ><div class=\"orion custom default panel-widget-style panel-widget-style-for-3268-2-0-7\" >\t\t\t<div class=\"textwidget\"><p><strong>Dr. Bruno Alejandro Ugarte Tacca<\/strong><br \/>\nSTUDIO DENTISTICO BESSARIONE SAS<\/p>\n<\/div>\n\t\t<\/div><\/div><div id=\"panel-3268-2-0-8\" class=\"so-panel widget widget_orion_empty_space_w panel-last-child\" data-index=\"15\" ><div class=\"orion custom default panel-widget-style panel-widget-style-for-3268-2-0-8\" ><div\n\t\t\t\n\t\t\tclass=\"so-widget-orion_empty_space_w so-widget-orion_empty_space_w-base\"\n\t\t\t\n\t\t>\t<div class=\"row empty-space visible-lg visible-md visible-sm visible-xs\" style=\"height:24px;\">\r\n\t<\/div><\/div><\/div><\/div><\/div><div id=\"pgc-3268-2-1\"  class=\"panel-grid-cell\" ><div class=\"custom panel-cell-style panel-cell-style-for-3268-2-1\" ><div id=\"panel-3268-2-1-0\" class=\"so-panel widget widget_orion_image_w panel-first-child\" data-index=\"16\" ><div class=\"orion custom mobile-text-center tablets-text-center default panel-widget-style panel-widget-style-for-3268-2-1-0\" ><div\n\t\t\t\n\t\t\tclass=\"so-widget-orion_image_w so-widget-orion_image_w-base\"\n\t\t\t\n\t\t>\r\n<div class=\"image-w relative\">\r\n\r\n\t\t\t\t\t\t\t<div class=\"orion_portrait overlay-none overlay-hover-none\">\r\n\t\t\r\n\t\t\t\t\t<img loading=\"lazy\" decoding=\"async\" width=\"283\" height=\"203\" src=\"https:\/\/centrodentisticobessarione.it\/wp-content\/uploads\/2022\/05\/Black-Stain_1_v3.jpg\" class=\"attachment-orion_portrait size-orion_portrait\" alt=\"\" \/>\t\t\t<div class=\"overlay\"><\/div>\r\n\t\t\r\n\t\t\t\t\t<\/div>\r\n\t\t\t\r\n\t\r\n\t<div class=\"absolute\">\r\n\t\t<div class=\"hover-desc table-wrap\">\r\n\t\t\t<div class=\"cell-wrap\">\r\n\t\t\t\t<h4 class=\"text-dark\"><\/h4>\r\n\t\t\t<\/div>\r\n\t\t<\/div>\r\n\t<\/div>\t\t\t\t\t\r\n<\/div>\r\n\r\n<\/div><\/div><\/div><div id=\"panel-3268-2-1-1\" class=\"so-panel widget widget_orion_empty_space_w\" data-index=\"17\" ><div class=\"orion custom default panel-widget-style panel-widget-style-for-3268-2-1-1\" ><div\n\t\t\t\n\t\t\tclass=\"so-widget-orion_empty_space_w so-widget-orion_empty_space_w-base\"\n\t\t\t\n\t\t>\t<div class=\"row empty-space visible-lg visible-md visible-sm visible-xs\" style=\"height:24px;\">\r\n\t<\/div><\/div><\/div><\/div><div id=\"panel-3268-2-1-2\" class=\"so-panel widget widget_orion_image_w panel-last-child\" data-index=\"18\" ><div class=\"orion custom mobile-text-center tablets-text-center default panel-widget-style panel-widget-style-for-3268-2-1-2\" ><div\n\t\t\t\n\t\t\tclass=\"so-widget-orion_image_w so-widget-orion_image_w-base\"\n\t\t\t\n\t\t>\r\n<div class=\"image-w relative\">\r\n\r\n\t\t\t\t\t\t\t<div class=\"orion_portrait overlay-none overlay-hover-none\">\r\n\t\t\r\n\t\t\t\t\t<img loading=\"lazy\" decoding=\"async\" width=\"283\" height=\"354\" src=\"https:\/\/centrodentisticobessarione.it\/wp-content\/uploads\/2022\/05\/Black-Stain_2_v3.jpg\" class=\"attachment-orion_portrait size-orion_portrait\" alt=\"\" \/>\t\t\t<div class=\"overlay\"><\/div>\r\n\t\t\r\n\t\t\t\t\t<\/div>\r\n\t\t\t\r\n\t\r\n\t<div class=\"absolute\">\r\n\t\t<div class=\"hover-desc table-wrap\">\r\n\t\t\t<div class=\"cell-wrap\">\r\n\t\t\t\t<h4 class=\"text-dark\"><\/h4>\r\n\t\t\t<\/div>\r\n\t\t<\/div>\r\n\t<\/div>\t\t\t\t\t\r\n<\/div>\r\n\r\n<\/div><\/div><\/div><\/div><\/div><\/div><\/div><\/div>","protected":false},"excerpt":{"rendered":"<p>Dental implants are a common procedure of permanently replacing missing teeth without affecting neighboring teeth. <\/p>\n","protected":false},"author":1,"featured_media":0,"parent":0,"menu_order":0,"comment_status":"closed","ping_status":"closed","template":"","meta":{"om_disable_all_campaigns":false,"_monsterinsights_skip_tracking":false,"_monsterinsights_sitenote_active":false,"_monsterinsights_sitenote_note":"","_monsterinsights_sitenote_category":0,"footnotes":""},"class_list":["post-3268","page","type-page","status-publish","hentry"],"aioseo_notices":[],"_links":{"self":[{"href":"https:\/\/centrodentisticobessarione.it\/index.php\/wp-json\/wp\/v2\/pages\/3268","targetHints":{"allow":["GET"]}}],"collection":[{"href":"https:\/\/centrodentisticobessarione.it\/index.php\/wp-json\/wp\/v2\/pages"}],"about":[{"href":"https:\/\/centrodentisticobessarione.it\/index.php\/wp-json\/wp\/v2\/types\/page"}],"author":[{"embeddable":true,"href":"https:\/\/centrodentisticobessarione.it\/index.php\/wp-json\/wp\/v2\/users\/1"}],"replies":[{"embeddable":true,"href":"https:\/\/centrodentisticobessarione.it\/index.php\/wp-json\/wp\/v2\/comments?post=3268"}],"version-history":[{"count":35,"href":"https:\/\/centrodentisticobessarione.it\/index.php\/wp-json\/wp\/v2\/pages\/3268\/revisions"}],"predecessor-version":[{"id":3427,"href":"https:\/\/centrodentisticobessarione.it\/index.php\/wp-json\/wp\/v2\/pages\/3268\/revisions\/3427"}],"wp:attachment":[{"href":"https:\/\/centrodentisticobessarione.it\/index.php\/wp-json\/wp\/v2\/media?parent=3268"}],"curies":[{"name":"wp","href":"https:\/\/api.w.org\/{rel}","templated":true}]}}